{"id":266,"date":"2023-02-21T21:23:10","date_gmt":"2023-02-21T21:23:10","guid":{"rendered":"https:\/\/new.vwdtest.com\/nw\/?page_id=266"},"modified":"2023-10-13T07:26:00","modified_gmt":"2023-10-13T07:26:00","slug":"cookie-preferences","status":"publish","type":"page","link":"https:\/\/vwdtest.com\/bkp-hu\/cookie-preferences\/","title":{"rendered":"Cookie-be\u00e1ll\u00edt\u00e1sok"},"content":{"rendered":"<div class=\"default-block container\">\n<h2>Inform\u00e1ci\u00f3k a cookie-kr\u00f3l<\/h2>\n<\/div>\n\n<div class=\"default-block container\">\n<p>A cookie-k olyan adatok, amelyeket a webhely \u00e1tvihet a felhaszn\u00e1l\u00f3 webb\u00f6ng\u00e9sz\u0151j\u00e9be. Amikor felkeresi a <a href=\"http:\/\/www.vwdtest.com\/\" target=\"_blank\" rel=\"noreferrer noopener\">www.vwdtest.com<\/a> webhelyet, \u00e9s ha b\u00f6ng\u00e9sz\u0151je a szabv\u00e1nyos be\u00e1ll\u00edt\u00e1sokat haszn\u00e1lja, \u00e9s elfogadja a cookie-kat, \u00d6n beleegyezik az oldalr\u00f3l sz\u00e1rmaz\u00f3 cookie-kat, amelyek az \u00d6n sz\u00e1m\u00edt\u00f3g\u00e9p\u00e9n t\u00e1rol\u00f3dnak. A t\u00e1rolt cookie-k az \u00d6n sz\u00e1m\u00edt\u00f3g\u00e9p\u00e9n maradhatnak, miut\u00e1n elhagyja a&nbsp;<a href=\"http:\/\/www.vwdtest.com\/\" target=\"_blank\" rel=\"noreferrer noopener\">www.vwdtest.com<\/a> webhelyet.<\/p>\n<\/div>\n\n<div class=\"default-block container\">\n<p>Ha nem szeretn\u00e9, hogy ez megt\u00f6rt\u00e9njen, be\u00e1ll\u00edthatja webb\u00f6ng\u00e9sz\u0151j\u00e9t \u00fagy, hogy elutas\u00edtsa a cookie-kat, vagy figyelmeztesse \u00d6nt a cookie-k haszn\u00e1lat\u00e1ra. Ezeket manu\u00e1lisan is t\u00f6r\u00f6lheti a b\u00f6ng\u00e9sz\u0151 be\u00e1ll\u00edt\u00e1saiban. A&nbsp;<a href=\"https:\/\/www.vwdtest.com\/\" target=\"_blank\" rel=\"noreferrer noopener\">www.vwdtest.com<\/a> legt\u00f6bb eleme tov\u00e1bbra is m\u0171k\u00f6dni fog, ha letiltja a cookie-kat a b\u00f6ng\u00e9sz\u0151 be\u00e1ll\u00edt\u00e1saiban.<\/p>\n<\/div>\n\n<div class=\"default-block container\">\n<p>Tov\u00e1bbi inform\u00e1ci\u00f3kat tal\u00e1lhat a cookie-kr\u00f3l, t\u00f6bbek k\u00f6z\u00f6tt arr\u00f3l, hogyan tekintheti meg, hogy milyen cookie-kat \u00e1ll\u00edtottak be az \u00d6n eszk\u00f6z\u00e9n, \u00e9s hogyan kezelheti \u00e9s t\u00f6r\u00f6lheti \u0151ket:&nbsp;<a rel=\"noreferrer noopener\" href=\"https:\/\/www.aboutcookies .org\/\" target=\"_blank\">www.aboutcookies.org<\/a>.<\/p>\n<\/div>\n\n<div class=\"default-block container\">\n<p>A&nbsp;<a href=\"https:\/\/www.vwdtest.com\/\" target=\"_blank\" rel=\"noreferrer noopener\">www.vwdtest.com<\/a> webhelyen&nbsp;k\u00fcl\u00f6nb\u00f6z\u0151 t\u00edpus\u00fa cookie-kat haszn\u00e1lnak:<\/p>\n<\/div>\n\n<div class=\"default-block container\">\n<p><strong>Szigor\u00faan sz\u00fcks\u00e9ges<\/strong><\/p>\n<\/div>\n\n<div class=\"default-block container\">\n<figure class=\"wp-block-table\"><table><thead><tr><th>Cookie t\u00edpus<\/th><th>N\u00e9v<\/th><th>C\u00e9lja<\/th><th>Lej\u00e1r<\/th><\/tr><\/thead><tbody><tr><td>Matomo<\/td><td>mtm_cookie_consent<\/td><td>Ezt az\u00e9rt t\u00e1roljuk, hogy ne felejts\u00fck el, hogy a cookie-k t\u00e1rol\u00e1s\u00e1ra \u00e9s haszn\u00e1lat\u00e1ra a felhaszn\u00e1l\u00f3 hozz\u00e1j\u00e1rul\u00e1s\u00e1t adta.<\/td><td>30 \u00e9vek<\/td><\/tr><\/tbody><\/table><\/figure>\n<\/div>\n\n<div class=\"default-block container\">\n<p><strong>Performance cookies<\/strong><\/p>\n<\/div>\n\n<div class=\"default-block container\">\n<figure class=\"wp-block-table\"><table><thead><tr><th>Cookie t\u00edpus<\/th><th>N\u00e9v<\/th><th>C\u00e9lja<\/th><th>Lej\u00e1r<\/th><\/tr><\/thead><tbody><tr><td>Matomo<\/td><td>_pk_id<\/td><td>Ez a felhaszn\u00e1l\u00f3 n\u00e9h\u00e1ny adat\u00e1nak t\u00e1rol\u00e1s\u00e1ra szolg\u00e1l, p\u00e9ld\u00e1ul az egyedi l\u00e1togat\u00f3azonos\u00edt\u00f3.<\/td><td>1 \u00e9v, 1 h\u00f3nap<\/td><\/tr><tr><td>_pk_ref<\/td><td>Ez a hozz\u00e1rendel\u00e9si inform\u00e1ci\u00f3k t\u00e1rol\u00e1s\u00e1ra szolg\u00e1l, a hivatkoz\u00f3 eredetileg a webhely megl\u00e1togat\u00e1s\u00e1hoz.<\/td><td>6 h\u00f3nap<\/td><\/tr><tr><td>_pk_ses<\/td><td>Ez egy egyedi munkamenet-azonos\u00edt\u00f3 t\u00e1rol\u00e1s\u00e1ra szolg\u00e1l.<\/td><td>30 perc<\/td><\/tr><tr><td>_pk_cvar<\/td><td>Ez egy egyedi munkamenet-azonos\u00edt\u00f3 t\u00e1rol\u00e1s\u00e1ra szolg\u00e1l.<\/td><td>30 perc<\/td><\/tr><tr><td>_pk_hsr<\/td><td>Ez egy egyedi munkamenet-azonos\u00edt\u00f3 t\u00e1rol\u00e1s\u00e1ra szolg\u00e1l.<\/td><td>30 perc<\/td><\/tr><tr><td>_pk_testcookie<\/td><td>Ez annak ellen\u0151rz\u00e9s\u00e9re szolg\u00e1l, hogy a l\u00e1togat\u00f3 b\u00f6ng\u00e9sz\u0151je t\u00e1mogatja-e a cookie-kat.<\/td><td>\u00dcl\u00e9s<\/td><\/tr><tr><td>Matomo_sessid<\/td><td>Ez egy egyedi munkamenet-azonos\u00edt\u00f3 t\u00e1rol\u00e1s\u00e1ra szolg\u00e1l.<\/td><td>\u00dcl\u00e9s<\/td><\/tr><tr><\/tr><\/tbody><\/table><\/figure>\n<\/div>\n\n<div class=\"default-block container\">\n<p>Ha akt\u00edvan m\u00f3dos\u00edtja a be\u00e1ll\u00edt\u00e1sokat, hogy enged\u00e9lyezze a teljes\u00edtm\u00e9ny cookie-kat, beleegyez\u00e9s\u00e9t adja a Matomo sz\u00e1m\u00e1ra, hogy inform\u00e1ci\u00f3kat gy\u0171jts\u00f6n arr\u00f3l, hogyan haszn\u00e1lja \u00e9s hogyan navig\u00e1l webhely\u00fcnk\u00f6n. A folyamat sor\u00e1n az \u00d6n IP-c\u00edme anonim lesz. Ezeket az inform\u00e1ci\u00f3kat arra haszn\u00e1ljuk, hogy jav\u00edtsuk a felhaszn\u00e1l\u00f3i \u00e9lm\u00e9nyt honlapunk minden l\u00e1togat\u00f3ja sz\u00e1m\u00e1ra.<\/p>\n<\/div>\n\n<div class=\"default-block container\">\n<p><strong>Funkcionalit\u00e1si cookie-k<\/strong><\/p>\n<\/div>\n\n<div class=\"default-block container\">\n<p>Ezek olyan cookie-k, amelyek nem n\u00e9lk\u00fcl\u00f6zhetetlenek, de jav\u00edtj\u00e1k a <a href=\"https:\/\/www.vwdtest.com\/\" target=\"_blank\" rel=\"noreferrer noopener\">www.vwdtest.com<\/a> webhely haszn\u00e1lat\u00e1t:<\/p>\n<\/div>\n\n<div class=\"default-block container\">\n<figure class=\"wp-block-table\"><table><thead><tr><th>Cookie t\u00edpus<\/th><th>N\u00e9v<\/th><th>Lej\u00e1r<\/th><th>C\u00e9lja<\/th><\/tr><\/thead><tbody><tr><td>\u00c1lland\u00f3 s\u00fcti<\/td><td>cookieconsent_status<\/td><td>1 \u00e9v<\/td><td>Ez a cookie egy szkripthez van t\u00e1rs\u00edtva, amely cookie-riaszt\u00e1st jelen\u00edt meg a webhelyen. Arra haszn\u00e1lj\u00e1k, hogy r\u00f6gz\u00edts\u00e9k, amikor a felhaszn\u00e1l\u00f3 elvetette a figyelmeztet\u00e9st, hogy megakad\u00e1lyozza az \u00fajb\u00f3li megjelen\u00e9st az ism\u00e9telt l\u00e1togat\u00e1sok alkalm\u00e1val.<\/td><\/tr><\/tbody><\/table><\/figure>\n<\/div>","protected":false},"excerpt":{"rendered":"<p>Inform\u00e1ci\u00f3k a cookie-kr\u00f3l A cookie-k olyan adatok, amelyeket a webhely \u00e1tvihet a felhaszn\u00e1l\u00f3 webb\u00f6ng\u00e9sz\u0151j\u00e9be. Amikor felkeresi a www.vwdtest.com webhelyet, \u00e9s ha b\u00f6ng\u00e9sz\u0151je a szabv\u00e1nyos be\u00e1ll\u00edt\u00e1sokat haszn\u00e1lja, \u00e9s elfogadja a cookie-kat, \u00d6n beleegyezik az oldalr\u00f3l sz\u00e1rmaz\u00f3 cookie-kat, amelyek az \u00d6n sz\u00e1m\u00edt\u00f3g\u00e9p\u00e9n t\u00e1rol\u00f3dnak. A t\u00e1rolt cookie-k az \u00d6n sz\u00e1m\u00edt\u00f3g\u00e9p\u00e9n maradhatnak, miut\u00e1n elhagyja a&nbsp;www.vwdtest.com webhelyet. Ha nem szeretn\u00e9, [&hellip;]<\/p>\n","protected":false},"author":1,"featured_media":0,"parent":0,"menu_order":0,"comment_status":"closed","ping_status":"closed","template":"front-page.php","meta":{"inline_featured_image":false},"acf":[],"yoast_head":"<!-- This site is optimized with the Yoast SEO plugin v20.4 - https:\/\/yoast.com\/wordpress\/plugins\/seo\/ -->\n<title>Cookie-be\u00e1ll\u00edt\u00e1sok - Backup Hungry<\/title>\n<meta name=\"robots\" content=\"index, follow, max-snippet:-1, max-image-preview:large, max-video-preview:-1\" \/>\n<link rel=\"canonical\" href=\"https:\/\/vwdtest.com\/bkp-hu\/cookie-preferences\/\" \/>\n<meta property=\"og:locale\" content=\"en_US\" \/>\n<meta property=\"og:type\" content=\"article\" \/>\n<meta property=\"og:title\" content=\"Cookie-be\u00e1ll\u00edt\u00e1sok - Backup Hungry\" \/>\n<meta property=\"og:description\" content=\"Inform\u00e1ci\u00f3k a cookie-kr\u00f3l A cookie-k olyan adatok, amelyeket a webhely \u00e1tvihet a felhaszn\u00e1l\u00f3 webb\u00f6ng\u00e9sz\u0151j\u00e9be. Amikor felkeresi a www.vwdtest.com webhelyet, \u00e9s ha b\u00f6ng\u00e9sz\u0151je a szabv\u00e1nyos be\u00e1ll\u00edt\u00e1sokat haszn\u00e1lja, \u00e9s elfogadja a cookie-kat, \u00d6n beleegyezik az oldalr\u00f3l sz\u00e1rmaz\u00f3 cookie-kat, amelyek az \u00d6n sz\u00e1m\u00edt\u00f3g\u00e9p\u00e9n t\u00e1rol\u00f3dnak. A t\u00e1rolt cookie-k az \u00d6n sz\u00e1m\u00edt\u00f3g\u00e9p\u00e9n maradhatnak, miut\u00e1n elhagyja a&nbsp;www.vwdtest.com webhelyet. Ha nem szeretn\u00e9, [&hellip;]\" \/>\n<meta property=\"og:url\" content=\"https:\/\/vwdtest.com\/bkp-hu\/cookie-preferences\/\" \/>\n<meta property=\"og:site_name\" content=\"Backup Hungry\" \/>\n<meta property=\"article:modified_time\" content=\"2023-10-13T07:26:00+00:00\" \/>\n<meta name=\"twitter:card\" content=\"summary_large_image\" \/>\n<meta name=\"twitter:label1\" content=\"Est. reading time\" \/>\n\t<meta name=\"twitter:data1\" content=\"2 minutes\" \/>\n<script type=\"application\/ld+json\" class=\"yoast-schema-graph\">{\"@context\":\"https:\/\/schema.org\",\"@graph\":[{\"@type\":\"WebPage\",\"@id\":\"https:\/\/vwdtest.com\/bkp-hu\/cookie-preferences\/\",\"url\":\"https:\/\/vwdtest.com\/bkp-hu\/cookie-preferences\/\",\"name\":\"Cookie-be\u00e1ll\u00edt\u00e1sok - Backup Hungry\",\"isPartOf\":{\"@id\":\"https:\/\/vwdtest.com\/bkp-hu\/#website\"},\"datePublished\":\"2023-02-21T21:23:10+00:00\",\"dateModified\":\"2023-10-13T07:26:00+00:00\",\"breadcrumb\":{\"@id\":\"https:\/\/vwdtest.com\/bkp-hu\/cookie-preferences\/#breadcrumb\"},\"inLanguage\":\"en-US\",\"potentialAction\":[{\"@type\":\"ReadAction\",\"target\":[\"https:\/\/vwdtest.com\/bkp-hu\/cookie-preferences\/\"]}]},{\"@type\":\"BreadcrumbList\",\"@id\":\"https:\/\/vwdtest.com\/bkp-hu\/cookie-preferences\/#breadcrumb\",\"itemListElement\":[{\"@type\":\"ListItem\",\"position\":1,\"name\":\"Home\",\"item\":\"https:\/\/vwdtest.com\/bkp-hu\/\"},{\"@type\":\"ListItem\",\"position\":2,\"name\":\"Cookie-be\u00e1ll\u00edt\u00e1sok\"}]},{\"@type\":\"WebSite\",\"@id\":\"https:\/\/vwdtest.com\/bkp-hu\/#website\",\"url\":\"https:\/\/vwdtest.com\/bkp-hu\/\",\"name\":\"Backup Hungry\",\"description\":\"\",\"potentialAction\":[{\"@type\":\"SearchAction\",\"target\":{\"@type\":\"EntryPoint\",\"urlTemplate\":\"https:\/\/vwdtest.com\/bkp-hu\/?s={search_term_string}\"},\"query-input\":\"required name=search_term_string\"}],\"inLanguage\":\"en-US\"}]}<\/script>\n<!-- \/ Yoast SEO plugin. -->","yoast_head_json":{"title":"Cookie-be\u00e1ll\u00edt\u00e1sok - Backup Hungry","robots":{"index":"index","follow":"follow","max-snippet":"max-snippet:-1","max-image-preview":"max-image-preview:large","max-video-preview":"max-video-preview:-1"},"canonical":"https:\/\/vwdtest.com\/bkp-hu\/cookie-preferences\/","og_locale":"en_US","og_type":"article","og_title":"Cookie-be\u00e1ll\u00edt\u00e1sok - Backup Hungry","og_description":"Inform\u00e1ci\u00f3k a cookie-kr\u00f3l A cookie-k olyan adatok, amelyeket a webhely \u00e1tvihet a felhaszn\u00e1l\u00f3 webb\u00f6ng\u00e9sz\u0151j\u00e9be. Amikor felkeresi a www.vwdtest.com webhelyet, \u00e9s ha b\u00f6ng\u00e9sz\u0151je a szabv\u00e1nyos be\u00e1ll\u00edt\u00e1sokat haszn\u00e1lja, \u00e9s elfogadja a cookie-kat, \u00d6n beleegyezik az oldalr\u00f3l sz\u00e1rmaz\u00f3 cookie-kat, amelyek az \u00d6n sz\u00e1m\u00edt\u00f3g\u00e9p\u00e9n t\u00e1rol\u00f3dnak. A t\u00e1rolt cookie-k az \u00d6n sz\u00e1m\u00edt\u00f3g\u00e9p\u00e9n maradhatnak, miut\u00e1n elhagyja a&nbsp;www.vwdtest.com webhelyet. Ha nem szeretn\u00e9, [&hellip;]","og_url":"https:\/\/vwdtest.com\/bkp-hu\/cookie-preferences\/","og_site_name":"Backup Hungry","article_modified_time":"2023-10-13T07:26:00+00:00","twitter_card":"summary_large_image","twitter_misc":{"Est. reading time":"2 minutes"},"schema":{"@context":"https:\/\/schema.org","@graph":[{"@type":"WebPage","@id":"https:\/\/vwdtest.com\/bkp-hu\/cookie-preferences\/","url":"https:\/\/vwdtest.com\/bkp-hu\/cookie-preferences\/","name":"Cookie-be\u00e1ll\u00edt\u00e1sok - Backup Hungry","isPartOf":{"@id":"https:\/\/vwdtest.com\/bkp-hu\/#website"},"datePublished":"2023-02-21T21:23:10+00:00","dateModified":"2023-10-13T07:26:00+00:00","breadcrumb":{"@id":"https:\/\/vwdtest.com\/bkp-hu\/cookie-preferences\/#breadcrumb"},"inLanguage":"en-US","potentialAction":[{"@type":"ReadAction","target":["https:\/\/vwdtest.com\/bkp-hu\/cookie-preferences\/"]}]},{"@type":"BreadcrumbList","@id":"https:\/\/vwdtest.com\/bkp-hu\/cookie-preferences\/#breadcrumb","itemListElement":[{"@type":"ListItem","position":1,"name":"Home","item":"https:\/\/vwdtest.com\/bkp-hu\/"},{"@type":"ListItem","position":2,"name":"Cookie-be\u00e1ll\u00edt\u00e1sok"}]},{"@type":"WebSite","@id":"https:\/\/vwdtest.com\/bkp-hu\/#website","url":"https:\/\/vwdtest.com\/bkp-hu\/","name":"Backup Hungry","description":"","potentialAction":[{"@type":"SearchAction","target":{"@type":"EntryPoint","urlTemplate":"https:\/\/vwdtest.com\/bkp-hu\/?s={search_term_string}"},"query-input":"required name=search_term_string"}],"inLanguage":"en-US"}]}},"_links":{"self":[{"href":"https:\/\/vwdtest.com\/bkp-hu\/wp-json\/wp\/v2\/pages\/266"}],"collection":[{"href":"https:\/\/vwdtest.com\/bkp-hu\/wp-json\/wp\/v2\/pages"}],"about":[{"href":"https:\/\/vwdtest.com\/bkp-hu\/wp-json\/wp\/v2\/types\/page"}],"author":[{"embeddable":true,"href":"https:\/\/vwdtest.com\/bkp-hu\/wp-json\/wp\/v2\/users\/1"}],"replies":[{"embeddable":true,"href":"https:\/\/vwdtest.com\/bkp-hu\/wp-json\/wp\/v2\/comments?post=266"}],"version-history":[{"count":4,"href":"https:\/\/vwdtest.com\/bkp-hu\/wp-json\/wp\/v2\/pages\/266\/revisions"}],"predecessor-version":[{"id":2477,"href":"https:\/\/vwdtest.com\/bkp-hu\/wp-json\/wp\/v2\/pages\/266\/revisions\/2477"}],"wp:attachment":[{"href":"https:\/\/vwdtest.com\/bkp-hu\/wp-json\/wp\/v2\/media?parent=266"}],"curies":[{"name":"wp","href":"https:\/\/api.w.org\/{rel}","templated":true}]}}